{"id":1096,"date":"2022-08-22T12:22:12","date_gmt":"2022-08-22T10:22:12","guid":{"rendered":"https:\/\/rebbz-nord.hamburg.de\/?page_id=1096"},"modified":"2023-03-30T18:38:19","modified_gmt":"2023-03-30T16:38:19","slug":"bilderbuchprojekt-an-der-buecherhalle-fuhlsbuettel","status":"publish","type":"page","link":"https:\/\/rebbz-nord.hamburg.de\/?page_id=1096","title":{"rendered":"Bilderbuchprojekt an der B\u00fccherhalle Fuhlsb\u00fcttel"},"content":{"rendered":"<p>Unsere Vorschullehrerin Frau Wurch berichtet \u00fcber das Projekt:<\/p>\n<p>Im Rahmen meiner Gedanken zur Vorschularbeit an der Roko, wollte ich gern neben dem Angebot der \u201e Lese- H\u00f6rkiste\u201c und einer ansprechenden Bilderb\u00fccherecke innerhalb der Klasse, einen regelm\u00e4\u00dfigen Besuch der <a href=\"https:\/\/www.buecherhallen.de\/fuhlsbuettel.html\" target=\"_blank\" rel=\"noopener\">B\u00fccherhalle in Fuhlsb\u00fcttel<\/a> f\u00fcr diese Sch\u00fclerInnengruppe etablieren, um den Kindern die Freude und den Zugang zum Medium Buch auch au\u00dferhalb der Schule zu erm\u00f6glichen. Es entstand ein guter Kontakt zur dortigen Leiterin Frau Bohnsack.<\/p>\n<p><img decoding=\"async\" src=\"https:\/\/rebbz-nord.hamburg.de\/wp-content\/uploads\/sites\/673\/2022\/08\/image4-scaled.jpeg\" alt=\"\"><\/p>\n<p>Im weiteren Austausch mit ihr, erfuhr ich, dass die B\u00fccherhallen Hamburgs in der ersten F\u00f6rderrunde den Zuschlag f\u00fcr das von der Kulturstiftung des Bundes gef\u00f6rderte Programm \u201e360\u00b0 &#8211; Fonds f\u00fcr Kulturen der neuen Stadtgesellschaft\u201c bekommen hatten. Bei den B\u00fccherhallen wurde f\u00fcr die Umsetzung das Projekt \u201e35 offene T\u00fcren\u201c ins Leben gerufen und alle 35 Standorte waren aufgerufen, ein(e) Programm, Projekt, Veranstaltung o.\u00e4. zur kulturellen \u00d6ffnung anzubieten. Die Durchf\u00fchrungen in den Standorten sollten marginalisierte Gruppen ansprechen, die bislang von den B\u00fccherhallen und ihren Angeboten nicht erreicht werden konnten.<br \/>\nEs entwickelte sich die Idee und der Wunsch zusammenzuarbeiten und Frau Bohnsack, die bereits jahrelange Erfahrung im bibliotheksp\u00e4dagogischen Bereich und der Lesef\u00f6rderung vorweisen konnte, hatte die Idee f\u00fcr dieses kreative Buchprojekt (anfangs auch bilingual angedacht), das Kindern einerseits einen niedrigschwelligen Zugang zum Medium Buch erm\u00f6glicht, eine kreative Handlungsaufforderung zwischen Kindern und Buch beinhaltet und andererseits dadurch auch die Sorgeberechtigten anspricht. Es sollte ein eigenes Bilderbuch entstehen, welches von den Kindern gestaltet werden sollte.<\/p>\n<p><img decoding=\"async\" src=\"https:\/\/rebbz-nord.hamburg.de\/wp-content\/uploads\/sites\/673\/2022\/08\/IMG_1837.jpeg\" alt=\"\"><br \/>\nIm Rahmen unseres Projektes entwickelten die Kinder teilweise in den R\u00e4umlichkeiten der B\u00fccherhalle und auch an Tagen, an denen uns Frau Bohnsack in der Schule besuchte, zun\u00e4chst Charaktere und Hauptpersonen f\u00fcr das Bilderbuch, welches entstehen sollte. Es wurden Skizzen angefertigt, miteinander geteilt und die Kinder arbeiteten diese weiter aus und malten Bilder, die sie sich gegenseitig erneut vorstellten.<br \/>\nMit den Vorlagen der VSK Kinder erdachte sich die Gruppe der gr\u00f6\u00dferen Sch\u00fcler*Innen unserer Schule Geschichten und im Prozess wurde uns klar, dass das geplante Bilderbuch wohl eine Sammlung kleinerer Geschichten beinhalten werden w\u00fcrde. Diese lasen wir wiederum den VSK Kindern vor, die sich sehr freuten und Spa\u00df daran hatten, die Geschichten mit Ihren Figuren zu illustrieren und so entstand letztlich dann das Bilderbuch als Gemeinschaftsarbeit, welches alle beteiligten Sch\u00fclerInnen als Highlight am Ende dieses Schuljahres gedruckt geschenkt mit nach Hause nehmen k\u00f6nnen!<\/p>\n<p>Am Freitag den 17.6 und 16 Uhr findet die \u00f6ffentliche Pr\u00e4sentation des Bilderbuches in der B\u00fccherhalle am Ratsm\u00fchlendamm statt und am Dienstag den 21.6. um 11 Uhr in der Aula unserer Schule die \u00dcbergabe der B\u00fccher an die beteiligten Sch\u00fclerInnen.<\/p>\n<p>Dar\u00fcber hinaus ist das Bilderbuch \u00fcber die Hamburger B\u00fccherhalle entleihbar und die Bilder der Kinder werden ab Ende Juni in der B\u00fccherhalle am Ratsm\u00fchlendamm ausgestellt sein.<\/p>\n<p><strong>Wir hatten sehr viel Spa\u00df und sind m\u00e4chtig stolz!<\/strong><\/p>\n<div id='gallery-1' class='gallery galleryid-1096 gallery-columns-3 gallery-size-thumbnail'><figure class='gallery-item'>\n\t\t\t<div class='gallery-icon landscape'>\n\t\t\t\t<a href='https:\/\/rebbz-nord.hamburg.de\/?attachment_id=1102'><img loading=\"lazy\" decoding=\"async\" id=\"bsb-copyright-img-1\" width=\"150\" height=\"150\" src=\"https:\/\/rebbz-nord.hamburg.de\/wp-content\/uploads\/sites\/673\/2022\/08\/IMG_1818-150x150.jpeg\" class=\"attachment-thumbnail size-thumbnail\" alt=\"\" \/><a class=\"bsb-media-copyright-link\" id=\"bsb-copyright-reflink-1\" href=\"#bsb-copyright-ref-1\" title=\"BSB\">\u00a9 1<\/a><\/a>\n\t\t\t<\/div><\/figure><figure class='gallery-item'>\n\t\t\t<div class='gallery-icon landscape'>\n\t\t\t\t<a href='https:\/\/rebbz-nord.hamburg.de\/?attachment_id=1099'><img loading=\"lazy\" decoding=\"async\" id=\"bsb-copyright-img-2\" width=\"150\" height=\"150\" src=\"https:\/\/rebbz-nord.hamburg.de\/wp-content\/uploads\/sites\/673\/2022\/08\/IMG_1399-150x150.jpeg\" class=\"attachment-thumbnail size-thumbnail\" alt=\"\" \/><a class=\"bsb-media-copyright-link\" id=\"bsb-copyright-reflink-2\" href=\"#bsb-copyright-ref-2\" title=\"BSB\">\u00a9 2<\/a><\/a>\n\t\t\t<\/div><\/figure><figure class='gallery-item'>\n\t\t\t<div class='gallery-icon portrait'>\n\t\t\t\t<a href='https:\/\/rebbz-nord.hamburg.de\/?attachment_id=1101'><img loading=\"lazy\" decoding=\"async\" id=\"bsb-copyright-img-3\" width=\"150\" height=\"150\" src=\"https:\/\/rebbz-nord.hamburg.de\/wp-content\/uploads\/sites\/673\/2022\/08\/IMG_1769-150x150.jpeg\" class=\"attachment-thumbnail size-thumbnail\" alt=\"\" \/><a class=\"bsb-media-copyright-link\" id=\"bsb-copyright-reflink-3\" href=\"#bsb-copyright-ref-3\" title=\"BSB\">\u00a9 3<\/a><\/a>\n\t\t\t<\/div><\/figure><figure class='gallery-item'>\n\t\t\t<div class='gallery-icon landscape'>\n\t\t\t\t<a href='https:\/\/rebbz-nord.hamburg.de\/?attachment_id=1106'><img loading=\"lazy\" decoding=\"async\" id=\"bsb-copyright-img-4\" width=\"150\" height=\"150\" src=\"https:\/\/rebbz-nord.hamburg.de\/wp-content\/uploads\/sites\/673\/2022\/08\/IMG_1841-150x150.jpeg\" class=\"attachment-thumbnail size-thumbnail\" alt=\"\" \/><a class=\"bsb-media-copyright-link\" id=\"bsb-copyright-reflink-4\" href=\"#bsb-copyright-ref-4\" title=\"BSB\">\u00a9 4<\/a><\/a>\n\t\t\t<\/div><\/figure><figure class='gallery-item'>\n\t\t\t<div class='gallery-icon landscape'>\n\t\t\t\t<a href='https:\/\/rebbz-nord.hamburg.de\/?attachment_id=1105'><img loading=\"lazy\" decoding=\"async\" id=\"bsb-copyright-img-5\" width=\"150\" height=\"150\" src=\"https:\/\/rebbz-nord.hamburg.de\/wp-content\/uploads\/sites\/673\/2022\/08\/IMG_1837-150x150.jpeg\" class=\"attachment-thumbnail size-thumbnail\" alt=\"\" \/><a class=\"bsb-media-copyright-link\" id=\"bsb-copyright-reflink-5\" href=\"#bsb-copyright-ref-5\" title=\"BSB\">\u00a9 5<\/a><\/a>\n\t\t\t<\/div><\/figure><figure class='gallery-item'>\n\t\t\t<div class='gallery-icon portrait'>\n\t\t\t\t<a href='https:\/\/rebbz-nord.hamburg.de\/?attachment_id=1108'><img loading=\"lazy\" decoding=\"async\" id=\"bsb-copyright-img-6\" width=\"150\" height=\"150\" src=\"https:\/\/rebbz-nord.hamburg.de\/wp-content\/uploads\/sites\/673\/2022\/08\/image2-150x150.jpeg\" class=\"attachment-thumbnail size-thumbnail\" alt=\"\" \/><a class=\"bsb-media-copyright-link\" id=\"bsb-copyright-reflink-6\" href=\"#bsb-copyright-ref-6\" title=\"BSB\">\u00a9 6<\/a><\/a>\n\t\t\t<\/div><\/figure><figure class='gallery-item'>\n\t\t\t<div class='gallery-icon landscape'>\n\t\t\t\t<a href='https:\/\/rebbz-nord.hamburg.de\/?attachment_id=1103'><img loading=\"lazy\" decoding=\"async\" id=\"bsb-copyright-img-7\" width=\"150\" height=\"150\" src=\"https:\/\/rebbz-nord.hamburg.de\/wp-content\/uploads\/sites\/673\/2022\/08\/IMG_1821-150x150.jpeg\" class=\"attachment-thumbnail size-thumbnail\" alt=\"\" \/><a class=\"bsb-media-copyright-link\" id=\"bsb-copyright-reflink-7\" href=\"#bsb-copyright-ref-7\" title=\"BSB\">\u00a9 7<\/a><\/a>\n\t\t\t<\/div><\/figure><figure class='gallery-item'>\n\t\t\t<div class='gallery-icon landscape'>\n\t\t\t\t<a href='https:\/\/rebbz-nord.hamburg.de\/?attachment_id=1104'><img loading=\"lazy\" decoding=\"async\" id=\"bsb-copyright-img-8\" width=\"150\" height=\"150\" src=\"https:\/\/rebbz-nord.hamburg.de\/wp-content\/uploads\/sites\/673\/2022\/08\/IMG_1823-150x150.jpeg\" class=\"attachment-thumbnail size-thumbnail\" alt=\"\" \/><a class=\"bsb-media-copyright-link\" id=\"bsb-copyright-reflink-8\" href=\"#bsb-copyright-ref-8\" title=\"BSB\">\u00a9 8<\/a><\/a>\n\t\t\t<\/div><\/figure><figure class='gallery-item'>\n\t\t\t<div class='gallery-icon landscape'>\n\t\t\t\t<a href='https:\/\/rebbz-nord.hamburg.de\/?attachment_id=1109'><img loading=\"lazy\" decoding=\"async\" id=\"bsb-copyright-img-9\" width=\"150\" height=\"150\" src=\"https:\/\/rebbz-nord.hamburg.de\/wp-content\/uploads\/sites\/673\/2022\/08\/image3-150x150.jpeg\" class=\"attachment-thumbnail size-thumbnail\" alt=\"\" \/><a class=\"bsb-media-copyright-link\" id=\"bsb-copyright-reflink-9\" href=\"#bsb-copyright-ref-9\" title=\"BSB\">\u00a9 9<\/a><\/a>\n\t\t\t<\/div><\/figure><figure class='gallery-item'>\n\t\t\t<div class='gallery-icon landscape'>\n\t\t\t\t<a href='https:\/\/rebbz-nord.hamburg.de\/?attachment_id=1100'><img loading=\"lazy\" decoding=\"async\" id=\"bsb-copyright-img-10\" width=\"150\" height=\"150\" src=\"https:\/\/rebbz-nord.hamburg.de\/wp-content\/uploads\/sites\/673\/2022\/08\/IMG_1401-150x150.jpeg\" class=\"attachment-thumbnail size-thumbnail\" alt=\"\" \/><a class=\"bsb-media-copyright-link\" id=\"bsb-copyright-reflink-10\" href=\"#bsb-copyright-ref-10\" title=\"BSB\">\u00a9 10<\/a><\/a>\n\t\t\t<\/div><\/figure>\n\t\t<\/div>\n\n<p>Die VSK hat einen regelm\u00e4\u00dfigen Besuch der B\u00fccherhalle (teilweise auch mit Sorgeberechtigtenbegleitung) gepflegt, zahlreiche B\u00fccher wurden ausgeliehen, manche Kinder und Sorgeberechtigte haben nun auch eigene Ausweise und mittlerweile ist das Vorlesen ein sehr beliebtes Ritual f\u00fcr die Kinder geworden. Die nahegelegene B\u00fccherhalle am Ratsm\u00fchlendamm ist f\u00fcr die Kinder (und Sorgeberechtigte) ein vertrauter Ort und ein sch\u00f6nes Ausflugsziel geworden. Die Beziehung zur B\u00fccherhalle werden wir auch in den n\u00e4chsten Schuljahren weiter pflegen.<\/p>\n","protected":false},"excerpt":{"rendered":"<p>Unsere Vorschullehrerin Frau Wurch berichtet \u00fcber das Projekt: Im Rahmen meiner Gedanken zur Vorschularbeit an der Roko, wollte ich gern neben dem Angebot der \u201e Lese- H\u00f6rkiste\u201c und einer ansprechenden Bilderb\u00fccherecke innerhalb der Klasse, einen regelm\u00e4\u00dfigen Besuch der B\u00fccherhalle in Fuhlsb\u00fcttel f\u00fcr diese Sch\u00fclerInnengruppe etablieren, um den Kindern die Freude und den Zugang zum Medium &hellip; <a href=\"https:\/\/rebbz-nord.hamburg.de\/?page_id=1096\" class=\"more-link\"><span class=\"screen-reader-text\">Bilderbuchprojekt an der B\u00fccherhalle Fuhlsb\u00fcttel<\/span> weiterlesen <span class=\"meta-nav\">&rarr;<\/span><\/a><\/p>\n","protected":false},"author":1307,"featured_media":0,"parent":0,"menu_order":0,"comment_status":"closed","ping_status":"closed","template":"","meta":{"_acf_changed":false,"footnotes":""},"class_list":["post-1096","page","type-page","status-publish","hentry"],"acf":[],"_links":{"self":[{"href":"https:\/\/rebbz-nord.hamburg.de\/index.php?rest_route=\/wp\/v2\/pages\/1096","targetHints":{"allow":["GET"]}}],"collection":[{"href":"https:\/\/rebbz-nord.hamburg.de\/index.php?rest_route=\/wp\/v2\/pages"}],"about":[{"href":"https:\/\/rebbz-nord.hamburg.de\/index.php?rest_route=\/wp\/v2\/types\/page"}],"author":[{"embeddable":true,"href":"https:\/\/rebbz-nord.hamburg.de\/index.php?rest_route=\/wp\/v2\/users\/1307"}],"replies":[{"embeddable":true,"href":"https:\/\/rebbz-nord.hamburg.de\/index.php?rest_route=%2Fwp%2Fv2%2Fcomments&post=1096"}],"version-history":[{"count":5,"href":"https:\/\/rebbz-nord.hamburg.de\/index.php?rest_route=\/wp\/v2\/pages\/1096\/revisions"}],"predecessor-version":[{"id":1215,"href":"https:\/\/rebbz-nord.hamburg.de\/index.php?rest_route=\/wp\/v2\/pages\/1096\/revisions\/1215"}],"wp:attachment":[{"href":"https:\/\/rebbz-nord.hamburg.de\/index.php?rest_route=%2Fwp%2Fv2%2Fmedia&parent=1096"}],"curies":[{"name":"wp","href":"https:\/\/api.w.org\/{rel}","templated":true}]}}