{"id":174,"date":"2016-12-06T15:07:35","date_gmt":"2016-12-06T14:07:35","guid":{"rendered":"http:\/\/sandbox.schulhomepages.hamburg.de\/?page_id=174"},"modified":"2023-04-17T12:28:36","modified_gmt":"2023-04-17T10:28:36","slug":"konzepte","status":"publish","type":"page","link":"https:\/\/rebbz-nord.hamburg.de\/?page_id=174","title":{"rendered":"Konzepte \/ Profile"},"content":{"rendered":"<p style=\"text-align: justify\"><strong>Lehren und Lernen<\/strong><\/p>\n<div class=\"maintext\" style=\"text-align: justify\">\n<p>Unser p\u00e4dagogisches Ziel ist die individuelle F\u00f6rderung und Unterst\u00fctzung der Sch\u00fclerinnen und Sch\u00fcler.<\/p>\n<ul>\n<li>Wir respektieren ihre Pers\u00f6nlichkeit, fordern und f\u00f6rdern sie in ihren St\u00e4rken. Wir vermitteln ihnen somit Vertrauen in ihre F\u00e4higkeiten und Freude am Erfolg.<\/li>\n<li>Wir unterrichten und erziehen nach folgenden Prinzipien: Handlungsorientierung, Differenzierung, Individualisierung und Orientierung auf die Lebensbew\u00e4ltigung<\/li>\n<li>Wir sehen die gro\u00dfe Wichtigkeit der Beherrschung von Kulturtechniken, Sprache und Bewegung. Gezielte F\u00f6rderung in diesen Bereichen erm\u00f6glicht eine Teilhabe in unserer Gesellschaft.<\/li>\n<li>Wir erproben innovative p\u00e4dagogische Konzepte, die zu selbstst\u00e4ndigem Arbeiten, mehr Eigenverantwortlichkeit und zu mehr Freude am Lernen f\u00fchren.<\/li>\n<\/ul>\n<\/div>\n<p style=\"text-align: justify\"><strong>Unterrichts- und Schulentwicklung<\/strong><\/p>\n<div class=\"maintext\" style=\"text-align: justify\">\n<ul>\n<li>Wir arbeiten alle an der Qualit\u00e4tsentwicklung von Schule. Fest verankerte Arbeitsgruppen unterst\u00fctzen diesen Prozess.<\/li>\n<li>Wir unterst\u00fctzen die p\u00e4dagogische Arbeit durch die Erweiterung berufsspezifischer, fachlicher und p\u00e4dagogischer Qualifikationen.<\/li>\n<li>Wir st\u00e4rken durch Kooperation im Unterricht den Teamgedanken<strong>.<\/strong><\/li>\n<li>Wir f\u00f6rdern die Arbeitszufriedenheit durch gegenseitige Hospitationen, Beratungen<\/li>\n<li>Wir bem\u00fchen uns um eine kollegiale Feedbackkultur.<\/li>\n<\/ul>\n<\/div>\n<p style=\"text-align: justify\"><strong>Schulorganisation und Kommunikation<\/strong><\/p>\n<div class=\"maintext\" style=\"text-align: justify\">\n<ul>\n<li>Klare Verantwortlichkeiten und transparente Entscheidungsstrukturen verbessern das Arbeitsklima<\/li>\n<li>Kollegium, Schulleitung, Elternrat und Sch\u00fclervertretung arbeiten konstruktiv zusammen.<\/li>\n<li>Entscheidungsprozesse an unserer Schule zeichnen sich durch einen kommunikativen und zielorientierten Stil aus.<\/li>\n<li>In verschiedenen Konferenzen werden gemeinsame Unterrichtsstandards erarbeitet und wichtige Fragen des Schullebens und des Unterrichts beraten.<\/li>\n<\/ul>\n<\/div>\n<p style=\"text-align: justify\"><strong>Kooperation und Au\u00dfenbeziehungen<\/strong><\/p>\n<div class=\"maintext\" style=\"text-align: justify\">\n<ul>\n<li>Wir bem\u00fchen uns um eine enge Zusammenarbeit mit den Sorgeberechtigten.<\/li>\n<li>Wir entwickeln in der Berufsorientierung die enge Vernetzung von Theorie und Praxis im Rahmen des Projektes Kompass<em>.<\/em><\/li>\n<li>Wir kooperieren als Ganztagsschule mit dem ASD sowie mit verschiedenen Einrichtungen im Stadtteil und Tr\u00e4gern der Jugendhilfe.<\/li>\n<\/ul>\n<\/div>\n","protected":false},"excerpt":{"rendered":"<p>Lehren und Lernen Unser p\u00e4dagogisches Ziel ist die individuelle F\u00f6rderung und Unterst\u00fctzung der Sch\u00fclerinnen und Sch\u00fcler. Wir respektieren ihre Pers\u00f6nlichkeit, fordern und f\u00f6rdern sie in ihren St\u00e4rken. Wir vermitteln ihnen somit Vertrauen in ihre F\u00e4higkeiten und Freude am Erfolg. Wir unterrichten und erziehen nach folgenden Prinzipien: Handlungsorientierung, Differenzierung, Individualisierung und Orientierung auf die Lebensbew\u00e4ltigung Wir &hellip; <a href=\"https:\/\/rebbz-nord.hamburg.de\/?page_id=174\" class=\"more-link\"><span class=\"screen-reader-text\">Konzepte \/ Profile<\/span> weiterlesen <span class=\"meta-nav\">&rarr;<\/span><\/a><\/p>\n","protected":false},"author":13,"featured_media":0,"parent":0,"menu_order":0,"comment_status":"closed","ping_status":"closed","template":"","meta":{"_acf_changed":false,"footnotes":""},"class_list":["post-174","page","type-page","status-publish","hentry"],"acf":[],"_links":{"self":[{"href":"https:\/\/rebbz-nord.hamburg.de\/index.php?rest_route=\/wp\/v2\/pages\/174","targetHints":{"allow":["GET"]}}],"collection":[{"href":"https:\/\/rebbz-nord.hamburg.de\/index.php?rest_route=\/wp\/v2\/pages"}],"about":[{"href":"https:\/\/rebbz-nord.hamburg.de\/index.php?rest_route=\/wp\/v2\/types\/page"}],"author":[{"embeddable":true,"href":"https:\/\/rebbz-nord.hamburg.de\/index.php?rest_route=\/wp\/v2\/users\/13"}],"replies":[{"embeddable":true,"href":"https:\/\/rebbz-nord.hamburg.de\/index.php?rest_route=%2Fwp%2Fv2%2Fcomments&post=174"}],"version-history":[{"count":1,"href":"https:\/\/rebbz-nord.hamburg.de\/index.php?rest_route=\/wp\/v2\/pages\/174\/revisions"}],"predecessor-version":[{"id":1263,"href":"https:\/\/rebbz-nord.hamburg.de\/index.php?rest_route=\/wp\/v2\/pages\/174\/revisions\/1263"}],"wp:attachment":[{"href":"https:\/\/rebbz-nord.hamburg.de\/index.php?rest_route=%2Fwp%2Fv2%2Fmedia&parent=174"}],"curies":[{"name":"wp","href":"https:\/\/api.w.org\/{rel}","templated":true}]}}