{"id":175,"date":"2016-12-06T15:07:35","date_gmt":"2016-12-06T14:07:35","guid":{"rendered":"http:\/\/sandbox.schulhomepages.hamburg.de\/?page_id=175"},"modified":"2023-04-17T12:29:03","modified_gmt":"2023-04-17T10:29:03","slug":"beratung","status":"publish","type":"page","link":"https:\/\/rebbz-nord.hamburg.de\/?page_id=175","title":{"rendered":"Beratung"},"content":{"rendered":"<p style=\"text-align: justify\">Die Beratungsabteilung des ReBBZ Nord ber\u00e4t und unterst\u00fctzt bei schulischen Problemen von Sch\u00fclerinnen und Sch\u00fclern. Wir sind ein multiprofessionelles Team von Fachkr\u00e4ften der allgemeinen P\u00e4dagogik, Sozialp\u00e4dagogik, Sonderp\u00e4dagogik und Psychologie.<\/p>\n<p style=\"text-align: justify\">Unser Angebot wendet sich an Sch\u00fclerinnen und Sch\u00fcler, Sorgeberechtigte, Lehrkr\u00e4fte, Schulen, Mitarbeiterinnen und Mitarbeiter der Jugendhilfe sowie andere Stellen, die sich mit schulischen Problemen von Kindern befassen.<\/p>\n<p style=\"text-align: justify\">Im Bezirk Hamburg Nord sind wir zust\u00e4ndig f\u00fcr ca. 11.250 Sch\u00fclerinnen und Sch\u00fcler an 25 Schulen in den Stadtteilen Alsterdorf, Fuhlsb\u00fcttel, Gro\u00df Borstel, Klein Borstel, Langenhorn und Ohlsdorf.<\/p>\n<p style=\"text-align: justify\">Unsere Ziele sind die schulische Integration von Sch\u00fclerinnen und Sch\u00fclern, Unterst\u00fctzung zur \u201eHilfe zur Selbsthilfe\u201c und eine enge Vernetzung mit den Schulen und weiteren Einrichtungen, um individuelle Hilfsangebote f\u00fcr schulpflichtige Kinder zu entwickeln.<\/p>\n","protected":false},"excerpt":{"rendered":"<p>Die Beratungsabteilung des ReBBZ Nord ber\u00e4t und unterst\u00fctzt bei schulischen Problemen von Sch\u00fclerinnen und Sch\u00fclern. Wir sind ein multiprofessionelles Team von Fachkr\u00e4ften der allgemeinen P\u00e4dagogik, Sozialp\u00e4dagogik, Sonderp\u00e4dagogik und Psychologie. Unser Angebot wendet sich an Sch\u00fclerinnen und Sch\u00fcler, Sorgeberechtigte, Lehrkr\u00e4fte, Schulen, Mitarbeiterinnen und Mitarbeiter der Jugendhilfe sowie andere Stellen, die sich mit schulischen Problemen von Kindern &hellip; <a href=\"https:\/\/rebbz-nord.hamburg.de\/?page_id=175\" class=\"more-link\"><span class=\"screen-reader-text\">Beratung<\/span> weiterlesen <span class=\"meta-nav\">&rarr;<\/span><\/a><\/p>\n","protected":false},"author":13,"featured_media":0,"parent":0,"menu_order":0,"comment_status":"closed","ping_status":"closed","template":"","meta":{"_acf_changed":false,"footnotes":""},"class_list":["post-175","page","type-page","status-publish","hentry"],"acf":[],"_links":{"self":[{"href":"https:\/\/rebbz-nord.hamburg.de\/index.php?rest_route=\/wp\/v2\/pages\/175","targetHints":{"allow":["GET"]}}],"collection":[{"href":"https:\/\/rebbz-nord.hamburg.de\/index.php?rest_route=\/wp\/v2\/pages"}],"about":[{"href":"https:\/\/rebbz-nord.hamburg.de\/index.php?rest_route=\/wp\/v2\/types\/page"}],"author":[{"embeddable":true,"href":"https:\/\/rebbz-nord.hamburg.de\/index.php?rest_route=\/wp\/v2\/users\/13"}],"replies":[{"embeddable":true,"href":"https:\/\/rebbz-nord.hamburg.de\/index.php?rest_route=%2Fwp%2Fv2%2Fcomments&post=175"}],"version-history":[{"count":2,"href":"https:\/\/rebbz-nord.hamburg.de\/index.php?rest_route=\/wp\/v2\/pages\/175\/revisions"}],"predecessor-version":[{"id":1264,"href":"https:\/\/rebbz-nord.hamburg.de\/index.php?rest_route=\/wp\/v2\/pages\/175\/revisions\/1264"}],"wp:attachment":[{"href":"https:\/\/rebbz-nord.hamburg.de\/index.php?rest_route=%2Fwp%2Fv2%2Fmedia&parent=175"}],"curies":[{"name":"wp","href":"https:\/\/api.w.org\/{rel}","templated":true}]}}