{"id":462,"date":"2016-12-06T15:07:35","date_gmt":"2016-12-06T14:07:35","guid":{"rendered":"http:\/\/sandbox.schulhomepages.hamburg.de\/?page_id=462"},"modified":"2023-04-17T12:06:10","modified_gmt":"2023-04-17T10:06:10","slug":"paedagogische-schwerpunkte","status":"publish","type":"page","link":"https:\/\/rebbz-nord.hamburg.de\/?page_id=462","title":{"rendered":"P\u00e4dagogische Angebote"},"content":{"rendered":"<p>P\u00c4DAGOGISCHE ANGEBOTE<\/p>\n<p>Oberstes Ziel unserer p\u00e4dagogischen Arbeit in beiden Abteilungen ist es, Kinder und Jugendliche darin zu unterst\u00fctzen, Bildungschancen zu erkennen und zu nutzen, um so gleichberechtigt und selbstverantwortet gesellschaftliche Teilhabe weitestgehend verwirklichen zu k\u00f6nnen.<\/p>\n<p>Vor diesem Hintergrund ergeben sich in unserer Arbeit die folgenden Grunds\u00e4tze:<\/p>\n<ul>\n<li>Beratungs- und Unterrichtprozesse erfordern Lernbereitschaft von allen Beteiligten<\/li>\n<li>Wir verstehen schulisches Lernen immer auch als soziales Lernen<\/li>\n<li>Wir beziehen das au\u00dferschulische Umfeld des Kindes\/des Jugendlichen in unser p\u00e4dagogisches Handeln ein<\/li>\n<li>Mitarbeiterinnen und Mitarbeiter beider Abteilungen&nbsp; entwickeln zu p\u00e4dagogischen Fragestellungen zunehmend eine gemeinsame Haltung<\/li>\n<\/ul>\n","protected":false},"excerpt":{"rendered":"<p>P\u00c4DAGOGISCHE ANGEBOTE Oberstes Ziel unserer p\u00e4dagogischen Arbeit in beiden Abteilungen ist es, Kinder und Jugendliche darin zu unterst\u00fctzen, Bildungschancen zu erkennen und zu nutzen, um so gleichberechtigt und selbstverantwortet gesellschaftliche Teilhabe weitestgehend verwirklichen zu k\u00f6nnen. Vor diesem Hintergrund ergeben sich in unserer Arbeit die folgenden Grunds\u00e4tze: Beratungs- und Unterrichtprozesse erfordern Lernbereitschaft von allen Beteiligten Wir &hellip; <a href=\"https:\/\/rebbz-nord.hamburg.de\/?page_id=462\" class=\"more-link\"><span class=\"screen-reader-text\">P\u00e4dagogische Angebote<\/span> weiterlesen <span class=\"meta-nav\">&rarr;<\/span><\/a><\/p>\n","protected":false},"author":13,"featured_media":0,"parent":0,"menu_order":0,"comment_status":"closed","ping_status":"closed","template":"","meta":{"_acf_changed":false,"footnotes":""},"class_list":["post-462","page","type-page","status-publish","hentry"],"acf":[],"_links":{"self":[{"href":"https:\/\/rebbz-nord.hamburg.de\/index.php?rest_route=\/wp\/v2\/pages\/462","targetHints":{"allow":["GET"]}}],"collection":[{"href":"https:\/\/rebbz-nord.hamburg.de\/index.php?rest_route=\/wp\/v2\/pages"}],"about":[{"href":"https:\/\/rebbz-nord.hamburg.de\/index.php?rest_route=\/wp\/v2\/types\/page"}],"author":[{"embeddable":true,"href":"https:\/\/rebbz-nord.hamburg.de\/index.php?rest_route=\/wp\/v2\/users\/13"}],"replies":[{"embeddable":true,"href":"https:\/\/rebbz-nord.hamburg.de\/index.php?rest_route=%2Fwp%2Fv2%2Fcomments&post=462"}],"version-history":[{"count":4,"href":"https:\/\/rebbz-nord.hamburg.de\/index.php?rest_route=\/wp\/v2\/pages\/462\/revisions"}],"predecessor-version":[{"id":1255,"href":"https:\/\/rebbz-nord.hamburg.de\/index.php?rest_route=\/wp\/v2\/pages\/462\/revisions\/1255"}],"wp:attachment":[{"href":"https:\/\/rebbz-nord.hamburg.de\/index.php?rest_route=%2Fwp%2Fv2%2Fmedia&parent=462"}],"curies":[{"name":"wp","href":"https:\/\/api.w.org\/{rel}","templated":true}]}}