{"id":472,"date":"2016-12-06T15:07:35","date_gmt":"2016-12-06T14:07:35","guid":{"rendered":"http:\/\/sandbox.schulhomepages.hamburg.de\/?page_id=472"},"modified":"2023-03-15T12:19:17","modified_gmt":"2023-03-15T11:19:17","slug":"netzwerke","status":"publish","type":"page","link":"https:\/\/rebbz-nord.hamburg.de\/?page_id=472","title":{"rendered":"Netzwerke"},"content":{"rendered":"<p>Netzwerkarbeit stellt ein wichtiges Instrument der Arbeit im ReBBZ dar, um eine ganzheitliche und wirksame Beratungst\u00e4tigkeit durch Kooperationen und Vernetzung mit anderen Institutionen und Einrichtungen zu gew\u00e4hrleisten. Komplexe Problembeschreibungen ben\u00f6tigen oftmals eine B\u00fcndelung von Fachexpertisen, einen differenzierten Blick auf Sichtweisen und eine Kl\u00e4rung von Zust\u00e4ndigkeiten, um L\u00f6sungs- und Handlungsvorstellungen herauszuarbeiten, Ressourcen zu erschlie\u00dfen und gemeinsame Ziele zu erreichen.<\/p>\n<p>In folgenden Netzwerken bieten wir in unserer Region Austausch und ggf. Fortbildungen an:<\/p>\n<ul>\n<li>Treffen der schulischen Beratungskr\u00e4fte<\/li>\n<li>Treffen der F\u00f6rderkoordinator:innen<\/li>\n<li>Netzwerktreffen mit Sonderp\u00e4dagog:innen in der der Inklusion<\/li>\n<li>Vernetzungstreffen der Kinderschutzfachkr\u00e4fte in Schule und Ganztag<\/li>\n<\/ul>\n<p>Dar\u00fcber hinaus nehmen wir in folgenden regionalen und \u00fcberregionalen Netzwerken teil:<\/p>\n<ul>\n<li>Netzwerktreffen Autismus<\/li>\n<li>Netzwerktreffen GiK (Gewaltpr\u00e4vention im Kindesalter)<\/li>\n<li>Tandemtreffen f\u00fcr Sch\u00fcler:innen mit Fluchthintergrund<\/li>\n<li>Runder Tisch Kinderschutz<\/li>\n<li>Arbeitskreis Langenhorn<\/li>\n<li>Moderator:innennetzwerktreffen (Absentismus, Gewalt, Kinderschutz)<\/li>\n<\/ul>\n","protected":false},"excerpt":{"rendered":"<p>Netzwerkarbeit stellt ein wichtiges Instrument der Arbeit im ReBBZ dar, um eine ganzheitliche und wirksame Beratungst\u00e4tigkeit durch Kooperationen und Vernetzung mit anderen Institutionen und Einrichtungen zu gew\u00e4hrleisten. Komplexe Problembeschreibungen ben\u00f6tigen oftmals eine B\u00fcndelung von Fachexpertisen, einen differenzierten Blick auf Sichtweisen und eine Kl\u00e4rung von Zust\u00e4ndigkeiten, um L\u00f6sungs- und Handlungsvorstellungen herauszuarbeiten, Ressourcen zu erschlie\u00dfen und gemeinsame &hellip; <a href=\"https:\/\/rebbz-nord.hamburg.de\/?page_id=472\" class=\"more-link\"><span class=\"screen-reader-text\">Netzwerke<\/span> weiterlesen <span class=\"meta-nav\">&rarr;<\/span><\/a><\/p>\n","protected":false},"author":13,"featured_media":0,"parent":0,"menu_order":0,"comment_status":"closed","ping_status":"closed","template":"","meta":{"_acf_changed":false,"footnotes":""},"class_list":["post-472","page","type-page","status-publish","hentry"],"acf":[],"_links":{"self":[{"href":"https:\/\/rebbz-nord.hamburg.de\/index.php?rest_route=\/wp\/v2\/pages\/472","targetHints":{"allow":["GET"]}}],"collection":[{"href":"https:\/\/rebbz-nord.hamburg.de\/index.php?rest_route=\/wp\/v2\/pages"}],"about":[{"href":"https:\/\/rebbz-nord.hamburg.de\/index.php?rest_route=\/wp\/v2\/types\/page"}],"author":[{"embeddable":true,"href":"https:\/\/rebbz-nord.hamburg.de\/index.php?rest_route=\/wp\/v2\/users\/13"}],"replies":[{"embeddable":true,"href":"https:\/\/rebbz-nord.hamburg.de\/index.php?rest_route=%2Fwp%2Fv2%2Fcomments&post=472"}],"version-history":[{"count":2,"href":"https:\/\/rebbz-nord.hamburg.de\/index.php?rest_route=\/wp\/v2\/pages\/472\/revisions"}],"predecessor-version":[{"id":1185,"href":"https:\/\/rebbz-nord.hamburg.de\/index.php?rest_route=\/wp\/v2\/pages\/472\/revisions\/1185"}],"wp:attachment":[{"href":"https:\/\/rebbz-nord.hamburg.de\/index.php?rest_route=%2Fwp%2Fv2%2Fmedia&parent=472"}],"curies":[{"name":"wp","href":"https:\/\/api.w.org\/{rel}","templated":true}]}}