{"id":506,"date":"2017-01-26T13:09:55","date_gmt":"2017-01-26T12:09:55","guid":{"rendered":"http:\/\/rebbz-nord.hamburg.de\/?page_id=506"},"modified":"2025-02-09T18:31:01","modified_gmt":"2025-02-09T17:31:01","slug":"schulinspektion","status":"publish","type":"page","link":"https:\/\/rebbz-nord.hamburg.de\/?page_id=506","title":{"rendered":"Schulinspektion"},"content":{"rendered":"<p>Schulinspektion<\/p>\n<p>2024 und 2016 fand in unserer Bildungsabteilung jeweils eine Schulinspektion statt, die regelm\u00e4\u00dfig an allen Hamburger Schulen und ReBBZs durchgef\u00fchrt wird.<\/p>\n<p>Hier k\u00f6nnen Sie die Zusammenfassung der Ergebnisse nachlesen:<\/p>\n<p><a href=\"https:\/\/www.hamburg.de\/politik-und-verwaltung\/behoerden\/schulbehoerde\/themen\/schulaufsicht\/inspektionsberichte\/regionale-bildungs-und-beratungszentren-rebbz-\" target=\"_blank\" rel=\"noopener\">https:\/\/www.hamburg.de\/politik-und-verwaltung\/behoerden\/schulbehoerde\/themen\/schulaufsicht\/inspektionsberichte\/regionale-bildungs-und-beratungszentren-rebbz-<\/a><\/p>\n<p>&nbsp;<\/p>\n","protected":false},"excerpt":{"rendered":"<p>Schulinspektion 2024 und 2016 fand in unserer Bildungsabteilung jeweils eine Schulinspektion statt, die regelm\u00e4\u00dfig an allen Hamburger Schulen und ReBBZs durchgef\u00fchrt wird. Hier k\u00f6nnen Sie die Zusammenfassung der Ergebnisse nachlesen: https:\/\/www.hamburg.de\/politik-und-verwaltung\/behoerden\/schulbehoerde\/themen\/schulaufsicht\/inspektionsberichte\/regionale-bildungs-und-beratungszentren-rebbz- &nbsp;<\/p>\n","protected":false},"author":646,"featured_media":0,"parent":0,"menu_order":0,"comment_status":"closed","ping_status":"closed","template":"","meta":{"_acf_changed":false,"footnotes":""},"class_list":["post-506","page","type-page","status-publish","hentry"],"acf":[],"_links":{"self":[{"href":"https:\/\/rebbz-nord.hamburg.de\/index.php?rest_route=\/wp\/v2\/pages\/506","targetHints":{"allow":["GET"]}}],"collection":[{"href":"https:\/\/rebbz-nord.hamburg.de\/index.php?rest_route=\/wp\/v2\/pages"}],"about":[{"href":"https:\/\/rebbz-nord.hamburg.de\/index.php?rest_route=\/wp\/v2\/types\/page"}],"author":[{"embeddable":true,"href":"https:\/\/rebbz-nord.hamburg.de\/index.php?rest_route=\/wp\/v2\/users\/646"}],"replies":[{"embeddable":true,"href":"https:\/\/rebbz-nord.hamburg.de\/index.php?rest_route=%2Fwp%2Fv2%2Fcomments&post=506"}],"version-history":[{"count":4,"href":"https:\/\/rebbz-nord.hamburg.de\/index.php?rest_route=\/wp\/v2\/pages\/506\/revisions"}],"predecessor-version":[{"id":1628,"href":"https:\/\/rebbz-nord.hamburg.de\/index.php?rest_route=\/wp\/v2\/pages\/506\/revisions\/1628"}],"wp:attachment":[{"href":"https:\/\/rebbz-nord.hamburg.de\/index.php?rest_route=%2Fwp%2Fv2%2Fmedia&parent=506"}],"curies":[{"name":"wp","href":"https:\/\/api.w.org\/{rel}","templated":true}]}}