{"id":705,"date":"2020-10-02T15:01:20","date_gmt":"2020-10-02T13:01:20","guid":{"rendered":"https:\/\/rebbz-nord.hamburg.de\/?page_id=705"},"modified":"2024-03-16T08:29:28","modified_gmt":"2024-03-16T07:29:28","slug":"nachmittagsbetreuung-der-unterstufe","status":"publish","type":"page","link":"https:\/\/rebbz-nord.hamburg.de\/?page_id=705","title":{"rendered":"Nachmittagsbetreuung der Unterstufe"},"content":{"rendered":"<p><strong>Nachmittagsbetreuung in der Unterstufe (Klassen 0-4)<\/strong><\/p>\n<p><strong>Das ist uns besonders wichtig:<\/strong><\/p>\n<ul>\n<li>Feste Bezugspersonen &#8211; auch am Nachmittag<\/li>\n<li>Bessere Verkn\u00fcpfung von Vor- und Nachmittag<\/li>\n<li>Eine stabile Betreuungssituation f\u00fcr die Kinder<\/li>\n<li>Kombination aus festgelegten Angeboten und freiem Spiel<\/li>\n<li>Nutzung des gro\u00dfen Schulgel\u00e4ndes f\u00fcr Spiele und Bewegung<\/li>\n<li>Kooperation mit au\u00dferschulischen Partnern, Nutzung von au\u00dferschulischen Lernorten (z.B. B\u00fccherhalle oder Bauspielplatz)<\/li>\n<\/ul>\n<p><strong>Personelle Aufstellung:<\/strong><\/p>\n<ul>\n<li>Jede Klasse der Unterstufe wird von 1 Sonderp\u00e4dagogIn und 1 ErzieherIn \/ Sozialp\u00e4dagogIn im Team geleitet.&nbsp;<\/li>\n<li>Die &#8222;Kernzeit&#8220; des Tages verbringt das Team aus Sonderp\u00e4dagogIn und ErzieherIn oder Sozialp\u00e4dagogIn gemeinsam in der Klasse (10-13:30 Uhr).<\/li>\n<li>Das Team der ErzieherInnen und Sozialp\u00e4dagogInnen der Unterstufe gestaltet den Nachmittag gemeinsam.&nbsp;<\/li>\n<li>Nachmittags ist eine zus\u00e4tzliche ErzieherIn \/ Sozialp\u00e4dagogIn (zur Koordination) und eine zus\u00e4tzliche Honorarkraft als Unterst\u00fctzung in der Unterstufe (\u00fcbergreifend f\u00fcr alle 4 Klassen) anwesend.&nbsp;<\/li>\n<li>Dienstags finden f\u00fcr alle festen Mitarbeiter*innen der Bildungsabteilung Konferenzen und Teamsitzungen statt. An diesem Nachmittag betreuen feste Kursleitungen (Honorarkr\u00e4fte) die Sch\u00fcler*innen der Unterstufe und Mittelstufe.<\/li>\n<\/ul>\n<p><strong>&nbsp;<\/strong><strong>Tagestruktur: <\/strong><strong>&nbsp;<\/strong><\/p>\n<p><img decoding=\"async\" src=\"https:\/\/rebbz-nord.hamburg.de\/wp-content\/uploads\/sites\/673\/2024\/02\/Ganztag-Unterstufe.jpg\" alt=\"\"><\/p>\n<div id='gallery-1' class='gallery galleryid-705 gallery-columns-3 gallery-size-thumbnail'><figure class='gallery-item'>\n\t\t\t<div class='gallery-icon landscape'>\n\t\t\t\t<a href='https:\/\/rebbz-nord.hamburg.de\/?attachment_id=710'><img loading=\"lazy\" decoding=\"async\" id=\"bsb-copyright-img-1\" width=\"150\" height=\"150\" src=\"https:\/\/rebbz-nord.hamburg.de\/wp-content\/uploads\/sites\/673\/2020\/10\/Kochen-150x150.jpg\" class=\"attachment-thumbnail size-thumbnail\" alt=\"\" aria-describedby=\"gallery-1-710\" \/><a class=\"bsb-media-copyright-link\" id=\"bsb-copyright-reflink-1\" href=\"#bsb-copyright-ref-1\" title=\"BSB\">\u00a9 1<\/a><\/a>\n\t\t\t<\/div>\n\t\t\t\t<figcaption class='wp-caption-text gallery-caption' id='gallery-1-710'>\n\t\t\t\tKochen \u2013 Vorbereitung von Snacks f\u00fcr die Halloweenparty\n\t\t\t\t<\/figcaption><\/figure><figure class='gallery-item'>\n\t\t\t<div class='gallery-icon landscape'>\n\t\t\t\t<a href='https:\/\/rebbz-nord.hamburg.de\/?attachment_id=712'><img loading=\"lazy\" decoding=\"async\" id=\"bsb-copyright-img-2\" width=\"150\" height=\"150\" src=\"https:\/\/rebbz-nord.hamburg.de\/wp-content\/uploads\/sites\/673\/2020\/10\/Vorbereitung-von-Snacks-f\u00fcr-die-Halloweenparty-150x150.jpg\" class=\"attachment-thumbnail size-thumbnail\" alt=\"\" \/><a class=\"bsb-media-copyright-link\" id=\"bsb-copyright-reflink-2\" href=\"#bsb-copyright-ref-2\" title=\"BSB\">\u00a9 2<\/a><\/a>\n\t\t\t<\/div><\/figure><figure class='gallery-item'>\n\t\t\t<div class='gallery-icon landscape'>\n\t\t\t\t<a href='https:\/\/rebbz-nord.hamburg.de\/?attachment_id=711'><img loading=\"lazy\" decoding=\"async\" id=\"bsb-copyright-img-3\" width=\"150\" height=\"150\" src=\"https:\/\/rebbz-nord.hamburg.de\/wp-content\/uploads\/sites\/673\/2020\/10\/Spiele-und-Bewegung-in-Raum-2-150x150.jpg\" class=\"attachment-thumbnail size-thumbnail\" alt=\"\" aria-describedby=\"gallery-1-711\" \/><a class=\"bsb-media-copyright-link\" id=\"bsb-copyright-reflink-3\" href=\"#bsb-copyright-ref-3\" title=\"BSB\">\u00a9 3<\/a><\/a>\n\t\t\t<\/div>\n\t\t\t\t<figcaption class='wp-caption-text gallery-caption' id='gallery-1-711'>\n\t\t\t\tSpiele und Bewegung in Raum 2\n\t\t\t\t<\/figcaption><\/figure><figure class='gallery-item'>\n\t\t\t<div class='gallery-icon portrait'>\n\t\t\t\t<a href='https:\/\/rebbz-nord.hamburg.de\/?attachment_id=707'><img loading=\"lazy\" decoding=\"async\" id=\"bsb-copyright-img-4\" width=\"150\" height=\"150\" src=\"https:\/\/rebbz-nord.hamburg.de\/wp-content\/uploads\/sites\/673\/2020\/10\/Der-Bauspielplatz-150x150.jpg\" class=\"attachment-thumbnail size-thumbnail\" alt=\"\" aria-describedby=\"gallery-1-707\" \/><a class=\"bsb-media-copyright-link\" id=\"bsb-copyright-reflink-4\" href=\"#bsb-copyright-ref-4\" title=\"BSB\">\u00a9 4<\/a><\/a>\n\t\t\t<\/div>\n\t\t\t\t<figcaption class='wp-caption-text gallery-caption' id='gallery-1-707'>\n\t\t\t\tDer Bauspielplatz\n\t\t\t\t<\/figcaption><\/figure><figure class='gallery-item'>\n\t\t\t<div class='gallery-icon portrait'>\n\t\t\t\t<a href='https:\/\/rebbz-nord.hamburg.de\/?attachment_id=709'><img loading=\"lazy\" decoding=\"async\" id=\"bsb-copyright-img-5\" width=\"150\" height=\"150\" src=\"https:\/\/rebbz-nord.hamburg.de\/wp-content\/uploads\/sites\/673\/2020\/10\/Huf-150x150.jpg\" class=\"attachment-thumbnail size-thumbnail\" alt=\"\" \/><a class=\"bsb-media-copyright-link\" id=\"bsb-copyright-reflink-5\" href=\"#bsb-copyright-ref-5\" title=\"BSB\">\u00a9 5<\/a><\/a>\n\t\t\t<\/div><\/figure><figure class='gallery-item'>\n\t\t\t<div class='gallery-icon landscape'>\n\t\t\t\t<a href='https:\/\/rebbz-nord.hamburg.de\/?attachment_id=708'><img loading=\"lazy\" decoding=\"async\" id=\"bsb-copyright-img-6\" width=\"150\" height=\"150\" src=\"https:\/\/rebbz-nord.hamburg.de\/wp-content\/uploads\/sites\/673\/2020\/10\/Esel-150x150.jpg\" class=\"attachment-thumbnail size-thumbnail\" alt=\"\" \/><a class=\"bsb-media-copyright-link\" id=\"bsb-copyright-reflink-6\" href=\"#bsb-copyright-ref-6\" title=\"BSB\">\u00a9 6<\/a><\/a>\n\t\t\t<\/div><\/figure>\n\t\t<\/div>\n\n<p>&nbsp;<\/p>\n","protected":false},"excerpt":{"rendered":"<p>Nachmittagsbetreuung in der Unterstufe (Klassen 0-4) Das ist uns besonders wichtig: Feste Bezugspersonen &#8211; auch am Nachmittag Bessere Verkn\u00fcpfung von Vor- und Nachmittag Eine stabile Betreuungssituation f\u00fcr die Kinder Kombination aus festgelegten Angeboten und freiem Spiel Nutzung des gro\u00dfen Schulgel\u00e4ndes f\u00fcr Spiele und Bewegung Kooperation mit au\u00dferschulischen Partnern, Nutzung von au\u00dferschulischen Lernorten (z.B. B\u00fccherhalle oder &hellip; <a href=\"https:\/\/rebbz-nord.hamburg.de\/?page_id=705\" class=\"more-link\"><span class=\"screen-reader-text\">Nachmittagsbetreuung der Unterstufe<\/span> weiterlesen <span class=\"meta-nav\">&rarr;<\/span><\/a><\/p>\n","protected":false},"author":1307,"featured_media":0,"parent":0,"menu_order":0,"comment_status":"closed","ping_status":"closed","template":"","meta":{"_acf_changed":false,"footnotes":""},"class_list":["post-705","page","type-page","status-publish","hentry"],"acf":[],"_links":{"self":[{"href":"https:\/\/rebbz-nord.hamburg.de\/index.php?rest_route=\/wp\/v2\/pages\/705","targetHints":{"allow":["GET"]}}],"collection":[{"href":"https:\/\/rebbz-nord.hamburg.de\/index.php?rest_route=\/wp\/v2\/pages"}],"about":[{"href":"https:\/\/rebbz-nord.hamburg.de\/index.php?rest_route=\/wp\/v2\/types\/page"}],"author":[{"embeddable":true,"href":"https:\/\/rebbz-nord.hamburg.de\/index.php?rest_route=\/wp\/v2\/users\/1307"}],"replies":[{"embeddable":true,"href":"https:\/\/rebbz-nord.hamburg.de\/index.php?rest_route=%2Fwp%2Fv2%2Fcomments&post=705"}],"version-history":[{"count":5,"href":"https:\/\/rebbz-nord.hamburg.de\/index.php?rest_route=\/wp\/v2\/pages\/705\/revisions"}],"predecessor-version":[{"id":1541,"href":"https:\/\/rebbz-nord.hamburg.de\/index.php?rest_route=\/wp\/v2\/pages\/705\/revisions\/1541"}],"wp:attachment":[{"href":"https:\/\/rebbz-nord.hamburg.de\/index.php?rest_route=%2Fwp%2Fv2%2Fmedia&parent=705"}],"curies":[{"name":"wp","href":"https:\/\/api.w.org\/{rel}","templated":true}]}}